t is the units digit of (u - -1)/((-4)/24)?
2
What is the hundreds digit of ((-10150)/(-30) - -8)/(1/3)?
0
Suppose 37*f - 325038 = -34*f. What is the thousands digit of f?
4
Suppose 0 = -3*l + 3 + 3. Suppose -4*x + l*x = -4. What is the units digit of (172/8 - 3)*x?
7
Let q(f) = 10*f**3 + 4*f**2 + 23*f - 60. What is the thousands digit of q(5)?
1
Let s(q) = -2*q**2 + 4*q. Let y be s(3). Let t = y + 9. Let d(m) = m**3 - 2*m**2 + 2*m - 1. What is the units digit of d(t)?
4
Let j(i) = 22*i + 83. What is the units digit of j(12)?
7
Let d(j) = j**3 - 4*j**2 - 7*j + 1. Let k(a) = -2*a**2 - 10*a - 3. Let u be k(-4). Let x be d(u). What is the tens digit of ((-105)/14)/(x/60)?
5
Suppose 35*u - 30*u - 30 = 0. Suppose u*f - 5*f = 27. What is the units digit of f?
7
Let w be -12 + 12 + 3*1. Let l(u) = -u**3 + 5*u**2 - 5*u + 2. Let y be l(w). Suppose y*k - 45 + 0 = 0. What is the units digit of k?
9
Suppose 3*l - 71 = -2*h, -2*l - 2*h = -0*l - 50. Suppose -2*d + d + l = 0. What is the units digit of d?
1
Suppose 6*k = 8*k - 726. Suppose 0 = 5*b + l - 592, 4*b - b - 2*l = k. What is the hundreds digit of b?
1
Let b(c) = 25*c**2 - 35*c - 4. What is the units digit of b(-4)?
6
Let y(b) = b**3 - 7*b**2 - 3*b + 6. Let x be y(5). Let v = x + 88. Suppose 0 = 5*c - u - v, -2*c - u + 7 = 1. What is the units digit of c?
5
Suppose 0 = 3*d + 3*t - t - 659, 0 = -4*d + 3*t + 907. What is the units digit of d - 3/3*-5?
8
What is the tens digit of 26754/84*(-3)/(9/(-6))?
3
Suppose 0 = 3*y - 5*a - 215, 15*y - 13*y + 5*a - 160 = 0. What is the tens digit of y?
7
Suppose 2*r - 6 - 6 = 0. Let o be (15/45)/(2/(-30)). Let b = o + r. What is the units digit of b?
1
Suppose -94 = 5*p - 59. Let w(q) = -29*q - 8. What is the tens digit of w(p)?
9
Suppose -5*f = -2434 + 604. What is the hundreds digit of f?
3
Let d(b) = -12*b**3 - b**2 - b - 3. Let i be d(-2). Let g = i + -49. What is the units digit of g?
2
Let l be (-3)/((-9)/483) - 1. Suppose -13*c + 8*c = -l. What is the tens digit of -33*(c/12 + -4)?
4
Suppose w = -4 - 1. What is the units digit of -2 - (w + 4) - -254?
3
Let o = -17 + 52. Let g = o + -16. What is the tens digit of g?
1
Let o be 1*2 - (-6)/(-2). Let z be 3/((-9)/(-186)) - o. Suppose -5*i = -z - 22. What is the units digit of i?
7
Suppose -4*s = 5*w - 246, -2*w = 2*s - 167 + 43. Suppose -4*t - 224 = -2*m - s, 0 = 2*m - 2*t - 150. What is the tens digit of m?
7
Let r(i) = 2*i + 54. Let k be r(-16). Let m = k - -54. What is the tens digit of m?
7
Suppose -3*m + 1 = q, 10 = 5*m - 3*q - 15. Suppose 0 = -3*b + 15, 0 = -4*s - m*b + 120 + 30. What is the units digit of s?
5
Let i = 1906 - 2882. What is the tens digit of i/(-24) - 6/9?
4
Let m(v) = 4*v - 6. Let x be m(4). Suppose -o + 76 = -x. What is the units digit of o?
6
Let t = 19 + -11. Let y be 1/(t/(-6))*-4. What is the units digit of (1 - (-5 - y))*1?
9
Let n be (-1 + -27)*(-25)/20. Let j = 32 + n. What is the units digit of j?
7
Suppose 2*u - 14 = -u - 5*s, -4*u - s + 13 = 0. Suppose 8*p = 5*p + u. What is the units digit of p?
1
Let c(k) = k**3 - 6*k**2 - 14*k + 40. Let b be c(9). Let a = -33 + b. What is the tens digit of a?
2
Let b(m) = -5*m + 32. Let x be b(7). What is the hundreds digit of -11 + 8 + 209/(x + 4)?
2
Suppose -65*q = -90*q + 82275. What is the hundreds digit of q?
2
Let q be ((-8)/6)/((-8)/(-12)). Let n be (q/3)/((-10)/45). Suppose -n*x = -4*w - 31, -w - w = 2*x - 2. What is the units digit of x?
5
Let s(x) = 11*x + 180. What is the tens digit of s(14)?
3
Let n be (-5)/90*14 + 2/(-9). What is the tens digit of 8/24 + (753/(-9))/n?
8
Suppose 11*t + 406 = 2*g + 7*t, 0 = 2*g + 2*t - 376. What is the tens digit of g?
9
Let x(j) be the second derivative of -j**5/20 - 5*j**4/12 - 7*j**3/6 - 2*j**2 + 7*j. Let r(g) = -g. Let p be r(5). What is the units digit of x(p)?
1
Suppose -9*d + 1841 = -2*d. What is the units digit of d?
3
Suppose -3*r = -3, 3*r = 3*f - 896 - 1153. What is the tens digit of f?
8
Let i = 70 - -297. What is the hundreds digit of i?
3
Let m(p) = p**3 - 9*p**2 - 10*p + 7. Let h(k) = -k + 6. Let n be h(-5). What is the tens digit of m(n)?
3
Suppose 1 - 3 = -2*x, -5*x - 2242 = -3*u. What is the tens digit of u?
4
What is the units digit of (-2)/((-1)/6 - (-618)/3852)?
1
Let z = -774 + 1162. What is the hundreds digit of z?
3
Let a be 1/(-7) + 18/(-21). Let n be (-1 - a)/(-2 - 0). Suppose -3*q + 55 - 19 = n. What is the units digit of q?
2
Let a(t) = -2*t - 5. Let v be a(-7). Let u = v - -20. What is the tens digit of u?
2
Suppose 7*t = 5*t + 5*m + 4532, t - 2257 = -2*m. What is the hundreds digit of t?
2
Let n(v) be the first derivative of v**2 + 17*v + 13. What is the tens digit of n(8)?
3
Suppose -5*d + 5*g + 8925 = 0, 4*g = -1 - 11. What is the units digit of d?
2
Suppose m + 2 = -0*m. Let f be (29/2 - 2)*m. Let v = f - -37. What is the tens digit of v?
1
Suppose -124 = 4*v - 2*m, -4*v + 16 = -5*m + 134. Let g = v + 121. What is the units digit of g?
9
What is the hundreds digit of 4025/8 - 21/168?
5
Let c(z) = -3*z**2 - 9*z + 2. Let v be c(-5). Let r = v - -45. What is the units digit of r?
7
Suppose 0 = -4*n + 3*q + 1707, -3*n + 1278 = -10*q + 7*q. What is the hundreds digit of n?
4
Let k = -3 + 5. Suppose -12 = -k*v - v, 4*v - 283 = -3*s. What is the tens digit of s?
8
Let z(v) be the third derivative of -v**4/12 + 2*v**3/3 + 3*v**2. Let o be z(-3). Suppose -3*p + o = -p. What is the units digit of p?
5
Let m(v) = -4*v**2 - 6*v**2 - 36 - 28*v + 9*v**2. What is the units digit of m(-25)?
9
Let o(n) = -n**2 + 7*n + 10. Let p be o(6). Let b = p + 15. What is the tens digit of b?
3
Let b = -2418 - -4284. What is the thousands digit of b?
1
Let i(a) = -a + 2 - 2 + 85*a**2 + 0. What is the units digit of i(-1)?
6
Suppose 0 = -3*r + 9, -f + 5*r - 4*r + 10 = 0. Suppose 0 = -l - f + 63. What is the units digit of l?
0
What is the hundreds digit of (1 - -1066) + (-42)/(-4 + -10)?
0
Let n = 11 - -2. Let r(g) = 92*g + 379. Let d be r(-4). Suppose -d*o + n*o - 70 = 0. What is the tens digit of o?
3
Let o(h) = h**3 + 7*h**2 + 6*h - 5. Let z be o(-5). Let x = z + 30. What is the units digit of x?
5
Let v(a) be the first derivative of 3*a**4/4 - a**3/3 - a**2 + a - 2. Let k be v(2). Let d = 36 - k. What is the tens digit of d?
1
Let k(o) = 21*o**2 - 3*o - 36. What is the tens digit of k(-4)?
1
Let v(d) = 10*d + 1050. What is the units digit of v(0)?
0
Suppose 4*u + 4 = 2*m + 2, m = -u + 1. Suppose u = -19*f + 16*f + 21. What is the units digit of f?
7
Let l = -127 + 341. What is the hundreds digit of l?
2
Let k be (-3 + 5)*-1*(1 - 3). Let i(f) = -3*f**3 - 12 + 18 + 4*f**3 - 3*f - 3*f**2. What is the units digit of i(k)?
0
Let n = 9 - 4. Let k(q) = 5*q**3 + 3*q**2 + q. Let z be k(3). Suppose 5*p - c - 251 = 0, 0 = -4*p - n*c + z + 30. What is the units digit of p?
0
Suppose -4 = -2*w, -5*w + 2 + 20 = 2*p. Let b = p - 8. What is the units digit of 0 - (56/b)/4?
7
Let m be (-2)/3 + 434/21. Let h be 12/m - (-2)/5. Let f(c) = 5*c + 2. What is the units digit of f(h)?
7
Let z = -542 + 1128. What is the units digit of z?
6
Suppose -5 + 1 = w + z, 5*z = 4*w + 61. What is the tens digit of w + 28 + -4 + 2?
1
Let y(h) = -5*h + h**3 - h**3 + 74 + 3*h**2 - 72 + h**3. What is the units digit of y(-4)?
6
Let m(i) = 4650*i**2 + 47*i - 47. What is the hundreds digit of m(1)?
6
Let s(r) = -7*r - 2 - 4*r + 25 + 4*r**2. What is the hundreds digit of s(7)?
1
Suppose 3*z = 8*z - 95. What is the units digit of z/1 + (-3 - -5)?
1
Let t(a) = 4*a**2 + 5*a - 23. Let g(w) = w**3 + 18*w**2 + 17*w + 6. Let r be g(-17). What is the units digit of t(r)?
1
Let s = -18 + 11. Let g = 18 + s. What is the tens digit of g?
1
Let d(u) = -7*u - 18. Let q be d(-3). Suppose q*l + 556 = 4*c, 3*l - 343 = -3*c + 74. What is the units digit of c?
9
Suppose 6*r - r - 10 = 0. Suppose -32 = 6*i - r*i. What is the units digit of ((-2)/4)/(i/112)?
7
Let t be (15 + -12)*(-4)/(-6). Let n(r) = 0*r**2 + 2*r - 5*r**2 + 5*r**3 + 3*r**2. What is the units digit of n(t)?
6
Let w = -30 + 28. Let t be 2 + (-1 - -3) + w. Let u(g) = 31*g - 4. What is the tens digit of u(t)?
5
Let i(o) = 87*o + 259. What is the thousands digit of i(28)?
2
Let i = 27 + -23. Let x(t) = 3*t + 8 - i + 7*t - 6. What is the units digit of x(1)?
8
Suppose 4*r + 2303 = i, -